{"id":72082,"date":"2022-05-04T16:41:08","date_gmt":"2022-05-04T14:41:08","guid":{"rendered":"https:\/\/www.parispackagingweek.com\/?post_type=guest&#038;p=72082"},"modified":"2023-01-10T18:29:34","modified_gmt":"2023-01-10T17:29:34","slug":"dr-florent-girard-creagif-eco-concept","status":"publish","type":"guest","link":"https:\/\/www.parispackagingweek.com\/fr\/speaker\/dr-florent-girard-creagif-eco-concept\/","title":{"rendered":"Dr Florent Girard, Eocrep"},"content":{"rendered":"<p>Directeur Technique<\/p>\n<p>Florent GIRARD est un expert dans les mat\u00e9riaux d\u2019emballages Biosourc\u00e9s, Recyclables, Recycl\u00e9s, ZERO plastique avec les propri\u00e9t\u00e9s fonctionnelles n\u00e9cessaires \u00e0 la conversation de vos produits. PhD en science des Mat\u00e9riaux et polym\u00e8res naturels, formateur en Ecoconception, 21 ans d&rsquo;exp\u00e9riences au sein de l&rsquo;industrie plastique\/emballage dont 16 ans en tant qu&rsquo;entrepreneur associ\u00e9.<\/p>\n","protected":false},"excerpt":{"rendered":"<p>Directeur Technique Florent GIRARD est un expert dans les mat\u00e9riaux d\u2019emballages Biosourc\u00e9s, Recyclables, Recycl\u00e9s, ZERO plastique avec les propri\u00e9t\u00e9s fonctionnelles n\u00e9cessaires \u00e0 la conversation de vos produits. PhD en science des Mat\u00e9riaux et polym\u00e8res naturels, formateur en Ecoconception, 21 ans d&rsquo;exp\u00e9riences au sein de l&rsquo;industrie plastique\/emballage dont 16 ans en tant qu&rsquo;entrepreneur associ\u00e9.<\/p>\n","protected":false},"featured_media":72090,"template":"","meta":{"_seopress_robots_primary_cat":"","_seopress_titles_title":"PCD Talks 2023 | Dr Florent Girard, Eocrep","_seopress_titles_desc":"","_seopress_robots_index":"","_company_name":"","_job_title":"","_visit_me":"","_email":"","_linkedin":"https:\/\/www.linkedin.com\/in\/florent-girard-b0bb17102\/","_twitter":"","_facebook":"","_instagram":"","_youtube":"","_imdb":"","footnotes":""},"edition":[586,585],"guest_type":[445,578],"work":[],"class_list":["post-72082","guest","type-guest","status-publish","has-post-thumbnail","hentry","edition-paris-packaging-week-speakers-2022","edition-paris-packaging-week-speakers-2023","guest_type-pcd-speakers-2022","guest_type-pcd-speakers-2023"],"_cover_image":null,"_links":{"self":[{"href":"https:\/\/www.parispackagingweek.com\/fr\/wp-json\/wp\/v2\/guest\/72082","targetHints":{"allow":["GET"]}}],"collection":[{"href":"https:\/\/www.parispackagingweek.com\/fr\/wp-json\/wp\/v2\/guest"}],"about":[{"href":"https:\/\/www.parispackagingweek.com\/fr\/wp-json\/wp\/v2\/types\/guest"}],"version-history":[{"count":5,"href":"https:\/\/www.parispackagingweek.com\/fr\/wp-json\/wp\/v2\/guest\/72082\/revisions"}],"predecessor-version":[{"id":250284,"href":"https:\/\/www.parispackagingweek.com\/fr\/wp-json\/wp\/v2\/guest\/72082\/revisions\/250284"}],"wp:featuredmedia":[{"embeddable":true,"href":"https:\/\/www.parispackagingweek.com\/fr\/wp-json\/wp\/v2\/media\/72090"}],"wp:attachment":[{"href":"https:\/\/www.parispackagingweek.com\/fr\/wp-json\/wp\/v2\/media?parent=72082"}],"wp:term":[{"taxonomy":"edition","embeddable":true,"href":"https:\/\/www.parispackagingweek.com\/fr\/wp-json\/wp\/v2\/edition?post=72082"},{"taxonomy":"guest_type","embeddable":true,"href":"https:\/\/www.parispackagingweek.com\/fr\/wp-json\/wp\/v2\/guest_type?post=72082"},{"taxonomy":"work","embeddable":true,"href":"https:\/\/www.parispackagingweek.com\/fr\/wp-json\/wp\/v2\/work?post=72082"}],"curies":[{"name":"wp","href":"https:\/\/api.w.org\/{rel}","templated":true}]}}

<p>Directeur Technique</p>
<p>Florent GIRARD est un expert dans les matériaux d’emballages Biosourcés, Recyclables, Recyclés, ZERO plastique avec les propriétés fonctionnelles nécessaires à la conversation de vos produits. PhD en science des Matériaux et polymères naturels, formateur en Ecoconception, 21 ans d&rsquo;expériences au sein de l&rsquo;industrie plastique/emballage dont 16 ans en tant qu&rsquo;entrepreneur associé.</p>

<p>Directeur Technique Florent GIRARD est un expert dans les matériaux d’emballages Biosourcés, Recyclables, Recyclés, ZERO plastique avec les propriétés fonctionnelles nécessaires à la conversation de vos produits. PhD en science des Matériaux et polymères naturels, formateur en Ecoconception, 21 ans d&rsquo;expériences au sein de l&rsquo;industrie plastique/emballage dont 16 ans en tant qu&rsquo;entrepreneur associé.</p>
