{"id":72959,"date":"2022-05-06T14:24:27","date_gmt":"2022-05-06T12:24:27","guid":{"rendered":"https:\/\/www.parispackagingweek.com\/?post_type=guest&#038;p=72959"},"modified":"2022-12-12T21:52:50","modified_gmt":"2022-12-12T20:52:50","slug":"pierre-olivier-bouvry-eco-in-pack-2","status":"publish","type":"guest","link":"https:\/\/www.parispackagingweek.com\/fr\/speaker\/pierre-olivier-bouvry-eco-in-pack-2\/","title":{"rendered":"Pierre-Olivier Bouvry, Eco In Pack"},"content":{"rendered":"<p>Co-Fondateur<\/p>\n<p>Pierre Olivier est dipl\u00f4m\u00e9 d\u2019une \u00e9cole d\u2019ing\u00e9nieur sp\u00e9cialis\u00e9 dans le packaging et plus r\u00e9cemment d\u2019une \u00e9cole formant des dirigeants de maisons de Champagne.<br \/>\nIl a r\u00e9alis\u00e9 un parcours de plus de 15 ans dans un groupe international du luxe et des exp\u00e9riences dans le d\u00e9veloppement et l\u2019industrialisation de nouveaux produits. Il a par ailleurs une exp\u00e9rience en tant que consultant en R&amp;D et processus de d\u00e9veloppement.<br \/>\nSon app\u00e9tence pour les sujets environnementaux et l\u2019adaptation aux d\u00e9fis \u00e9nerg\u00e9tiques &amp; climatiques l\u2019a conduit \u00e0 cr\u00e9er avec son associ\u00e9, Martin Calmettes, la soci\u00e9t\u00e9 ECO IN PACK, qui accompagne les maisons de Parfums \/ Cosm\u00e9tiques et Vins &amp; Spiritueux dans la r\u00e9duction de leurs impacts environnementaux, notamment par la mise en place des principes de l\u2019\u00e9conomie circulaire.<\/p>\n","protected":false},"excerpt":{"rendered":"<p>Co-Fondateur Pierre Olivier est dipl\u00f4m\u00e9 d\u2019une \u00e9cole d\u2019ing\u00e9nieur sp\u00e9cialis\u00e9 dans le packaging et plus r\u00e9cemment d\u2019une \u00e9cole formant des dirigeants de maisons de Champagne. Il a r\u00e9alis\u00e9 un parcours de plus de 15 ans dans un groupe international du luxe et des exp\u00e9riences dans le d\u00e9veloppement et l\u2019industrialisation de nouveaux produits. Il a par ailleurs [&hellip;]<\/p>\n","protected":false},"featured_media":80868,"template":"","meta":{"_seopress_robots_primary_cat":"","_seopress_titles_title":"PCD Talks 2023 | Pierre Olivier Bouvry, Eco In Pack","_seopress_titles_desc":"","_seopress_robots_index":"","_company_name":"","_job_title":"","_visit_me":"","_email":"","_linkedin":"https:\/\/www.linkedin.com\/in\/pierre-olivier-bouvry-25b38586\/","_twitter":"","_facebook":"","_instagram":"","_youtube":"","_imdb":"","footnotes":""},"edition":[586,585],"guest_type":[578],"work":[],"class_list":["post-72959","guest","type-guest","status-publish","has-post-thumbnail","hentry","edition-paris-packaging-week-speakers-2022","edition-paris-packaging-week-speakers-2023","guest_type-pcd-speakers-2023"],"_cover_image":null,"_links":{"self":[{"href":"https:\/\/www.parispackagingweek.com\/fr\/wp-json\/wp\/v2\/guest\/72959","targetHints":{"allow":["GET"]}}],"collection":[{"href":"https:\/\/www.parispackagingweek.com\/fr\/wp-json\/wp\/v2\/guest"}],"about":[{"href":"https:\/\/www.parispackagingweek.com\/fr\/wp-json\/wp\/v2\/types\/guest"}],"version-history":[{"count":3,"href":"https:\/\/www.parispackagingweek.com\/fr\/wp-json\/wp\/v2\/guest\/72959\/revisions"}],"predecessor-version":[{"id":219643,"href":"https:\/\/www.parispackagingweek.com\/fr\/wp-json\/wp\/v2\/guest\/72959\/revisions\/219643"}],"wp:featuredmedia":[{"embeddable":true,"href":"https:\/\/www.parispackagingweek.com\/fr\/wp-json\/wp\/v2\/media\/80868"}],"wp:attachment":[{"href":"https:\/\/www.parispackagingweek.com\/fr\/wp-json\/wp\/v2\/media?parent=72959"}],"wp:term":[{"taxonomy":"edition","embeddable":true,"href":"https:\/\/www.parispackagingweek.com\/fr\/wp-json\/wp\/v2\/edition?post=72959"},{"taxonomy":"guest_type","embeddable":true,"href":"https:\/\/www.parispackagingweek.com\/fr\/wp-json\/wp\/v2\/guest_type?post=72959"},{"taxonomy":"work","embeddable":true,"href":"https:\/\/www.parispackagingweek.com\/fr\/wp-json\/wp\/v2\/work?post=72959"}],"curies":[{"name":"wp","href":"https:\/\/api.w.org\/{rel}","templated":true}]}}

<p>Co-Fondateur</p>
<p>Pierre Olivier est diplômé d’une école d’ingénieur spécialisé dans le packaging et plus récemment d’une école formant des dirigeants de maisons de Champagne.<br />
Il a réalisé un parcours de plus de 15 ans dans un groupe international du luxe et des expériences dans le développement et l’industrialisation de nouveaux produits. Il a par ailleurs une expérience en tant que consultant en R&amp;D et processus de développement.<br />
Son appétence pour les sujets environnementaux et l’adaptation aux défis énergétiques &amp; climatiques l’a conduit à créer avec son associé, Martin Calmettes, la société ECO IN PACK, qui accompagne les maisons de Parfums / Cosmétiques et Vins &amp; Spiritueux dans la réduction de leurs impacts environnementaux, notamment par la mise en place des principes de l’économie circulaire.</p>

<p>Co-Fondateur Pierre Olivier est diplômé d’une école d’ingénieur spécialisé dans le packaging et plus récemment d’une école formant des dirigeants de maisons de Champagne. Il a réalisé un parcours de plus de 15 ans dans un groupe international du luxe et des expériences dans le développement et l’industrialisation de nouveaux produits. Il a par ailleurs [&hellip;]</p>
